{"id":57,"date":"2014-01-29T22:24:53","date_gmt":"2014-01-29T20:24:53","guid":{"rendered":"http:\/\/www.ff-oberbach.de\/?page_id=57"},"modified":"2014-08-19T09:09:44","modified_gmt":"2014-08-19T07:09:44","slug":"notruf","status":"publish","type":"page","link":"https:\/\/www.ff-oberbach.de\/?page_id=57","title":{"rendered":"Notruf"},"content":{"rendered":"<p style=\"text-align: justify;\"><strong>Wissen Sie eigentlich, was Sie zu tun haben, wenn Sie die Feuerwehr oder den Rettungsdienst alarmieren m\u00fcssen?<br \/>\nKlar, ab zum n\u00e4chsten Telefon und die 112 w\u00e4hlen. Aber was dann?<\/strong><\/p>\n<table width=\"500\" border=\"0\" cellspacing=\"1\" cellpadding=\"1\" align=\"center\">\n<tbody>\n<tr>\n<td style=\"text-align: left;\"><strong>Was ist passiert?<\/strong><\/td>\n<td>Geben Sie eine kurze Beschreibung der Ereignisse, also z.B Feuer, Verkehrsunfall, Person umgekippt etc.<\/td>\n<\/tr>\n<tr>\n<td><strong>Wo\u00a0ist es passiert ?<br \/>\n<\/strong><\/td>\n<td style=\"text-align: left;\">Hier ben\u00f6tigt der Feuerwehr\/Rettungsdienst-Mitarbeiter eine genau Angabe, wo die Einsatzkr\u00e4fte ben\u00f6tigt werden. Informieren Sie sich also vorher \u00fcber Strasse, Hausnummer und Ort. Wenn Sie ortsunkundig sind, fragen Sie Anwohner oder Passanten. Achten Sie auf Autobahnen und Bundesstra\u00dfen, wenn m\u00f6glich, auch auf Kilometer- und Richtungsangaben.<\/td>\n<\/tr>\n<tr>\n<td><strong>Wie viele Personen sind betroffen?<\/strong><\/td>\n<td>Bitte geben Sie die genaue Anzahl der Verletzten durch, damit gen\u00fcgend Kr\u00e4fte alarmiert werden. Bei Gro\u00dfschadenslagen reicht eine Sch\u00e4tzung. Bitte neigen Sie hier nicht zu Unter- bzw. \u00dcbertreibungen.<\/td>\n<\/tr>\n<tr>\n<td><strong>Welche Verletzungen?<\/strong><\/td>\n<td>Versuchen Sie, so weit Sie es erkennen k\u00f6nnen, die Art der Verletzung\/Erkrankung mitzuteilen, damit eventuell ben\u00f6tigte Einsatzmittel mit entsandt werden.<\/td>\n<\/tr>\n<tr>\n<td><strong>Warten Sie auf R\u00fcckfragen!<\/strong><\/td>\n<td>Nennen Sie noch Ihren Namen und hinterlassen Sie Ihre Telefonnummer f\u00fcr R\u00fcckfragen.<br \/>\n<strong>Der Disponent beendet das Gespr\u00e4ch!<\/strong><\/td>\n<\/tr>\n<\/tbody>\n<\/table>\n<p>Machen Sie es aber auch den Einsatzkr\u00e4ften so leicht wie m\u00f6glich, zu Ihnen zu finden. Wenn m\u00f6glich, weisen Sie die Kr\u00e4fte ein oder beauftragen Sie jemanden damit.<\/p>\n","protected":false},"excerpt":{"rendered":"<p>Wissen Sie eigentlich, was Sie zu tun haben, wenn Sie die Feuerwehr oder den Rettungsdienst alarmieren m\u00fcssen? Klar, ab zum [&hellip;]<\/p>\n","protected":false},"author":2,"featured_media":0,"parent":0,"menu_order":0,"comment_status":"closed","ping_status":"open","template":"","meta":{"ngg_post_thumbnail":0},"_links":{"self":[{"href":"https:\/\/www.ff-oberbach.de\/index.php?rest_route=\/wp\/v2\/pages\/57"}],"collection":[{"href":"https:\/\/www.ff-oberbach.de\/index.php?rest_route=\/wp\/v2\/pages"}],"about":[{"href":"https:\/\/www.ff-oberbach.de\/index.php?rest_route=\/wp\/v2\/types\/page"}],"author":[{"embeddable":true,"href":"https:\/\/www.ff-oberbach.de\/index.php?rest_route=\/wp\/v2\/users\/2"}],"replies":[{"embeddable":true,"href":"https:\/\/www.ff-oberbach.de\/index.php?rest_route=%2Fwp%2Fv2%2Fcomments&post=57"}],"version-history":[{"count":3,"href":"https:\/\/www.ff-oberbach.de\/index.php?rest_route=\/wp\/v2\/pages\/57\/revisions"}],"predecessor-version":[{"id":354,"href":"https:\/\/www.ff-oberbach.de\/index.php?rest_route=\/wp\/v2\/pages\/57\/revisions\/354"}],"wp:attachment":[{"href":"https:\/\/www.ff-oberbach.de\/index.php?rest_route=%2Fwp%2Fv2%2Fmedia&parent=57"}],"curies":[{"name":"wp","href":"https:\/\/api.w.org\/{rel}","templated":true}]}}