{"id":2,"date":"2014-01-15T19:50:16","date_gmt":"2014-01-15T19:50:16","guid":{"rendered":"http:\/\/www.ff-oberbach.de\/?page_id=2"},"modified":"2014-08-19T09:25:01","modified_gmt":"2014-08-19T07:25:01","slug":"beispiel-seite","status":"publish","type":"page","link":"https:\/\/www.ff-oberbach.de\/?page_id=2","title":{"rendered":"Feuerwehr"},"content":{"rendered":"<p>Gegr\u00fcndet wurde sie am 25. 5. 1871. Die Feuerwehr widmet sich dem Brandschutz, der Ausbildung von Feuerwehrleuten und bietet Hilfe bei Brand und im Katastrophenfall. 210 Mitglieder. 1. Vorsitzender ist Christoph Schmitt.<\/p>\n<p>Die Aufgabenbereiche der Feuerwehr sind folgende:<\/p>\n<ul>\n<li><strong>Abwehrender Brandschutz<\/strong><\/li>\n<\/ul>\n<div>Der abwehrende Brandschutz ist die Uraufgabe der Feuerwehren. Die Feuerwehr Oberbach ist f\u00fcr diese Aufgabe vollumf\u00e4nglichen zust\u00e4ndig. Der abwehrende Brandschutz beginnt bei einem Kleinbrand, wie dem brennenden M\u00fclleimer oder Adventsgesteck, geht \u00fcber den Brand eines Fahrzeuges und einer Wohnung bis zur Bek\u00e4mpfung von gr\u00f6\u00dferen Br\u00e4nden. Dazu werden wir gelegentlich auch zu gr\u00f6\u00dferen Eins\u00e4tzen au\u00dferhalb des Gemeindegebiets alarmiert.<\/div>\n<div>.<\/div>\n<ul>\n<li><strong>Hilfeleistung<\/strong><\/li>\n<\/ul>\n<p>Die Hilfeleistung ist der Aufgabenbereich, der heute einen Gro\u00dfteil der Eins\u00e4tze der Feuerwehr darstellt. Hierunter fallen die Hilfeleistungseins\u00e4tze bei Verkehrsunf\u00e4llen genauso wie Eins\u00e4tze im Rahmen von Unwettern, wenn Keller ausgepumpt und B\u00e4ume von Stra\u00dfen oder D\u00e4chern beseitigt werden m\u00fcssen.<\/p>\n<ul>\n<li><strong>Katastrophenschutz<\/strong><\/li>\n<\/ul>\n<p>Die Feuerwehr Oberbach wird im Falle eines Katastrophenfalles im Zuge des Katastrophenschutzes t\u00e4tig. Ein Katastrophenfall kann z. B. durch ein Hochwasserereignis oder einen gr\u00f6\u00dferen Waldbrand eintreten. Der Einsatz im Rahmen des Katastrophenschutzes beschr\u00e4nkt sich jedoch nicht nur auf Oberbach, sondern kann auch im Zuge von \u00fcberregionalen Ereignissen erfolgen.<\/p>\n<ul>\n<li><strong>Sicherheitswachen<\/strong><\/li>\n<\/ul>\n<p>Sicherheitswachen werden durchgef\u00fchrt, wenn im Zuge von Veranstaltungen die Sicherheit von gr\u00f6\u00dferen Personengruppen gew\u00e4hrleistet werden muss. Desweiteren sichert die Feuerwehr im Auftrag der Gemeinde Kirchenprozessionen, Veranstaltungen des Marktes Wildflecken, der Gemeinde Oberbach und sorgt f\u00fcr die Verkehrsregelung.<\/p>\n<p>&nbsp;<\/p>\n","protected":false},"excerpt":{"rendered":"<p>Gegr\u00fcndet wurde sie am 25. 5. 1871. Die Feuerwehr widmet sich dem Brandschutz, der Ausbildung von Feuerwehrleuten und bietet Hilfe [&hellip;]<\/p>\n","protected":false},"author":1,"featured_media":0,"parent":0,"menu_order":0,"comment_status":"closed","ping_status":"open","template":"page-fullwidth.php","meta":{"ngg_post_thumbnail":0},"_links":{"self":[{"href":"https:\/\/www.ff-oberbach.de\/index.php?rest_route=\/wp\/v2\/pages\/2"}],"collection":[{"href":"https:\/\/www.ff-oberbach.de\/index.php?rest_route=\/wp\/v2\/pages"}],"about":[{"href":"https:\/\/www.ff-oberbach.de\/index.php?rest_route=\/wp\/v2\/types\/page"}],"author":[{"embeddable":true,"href":"https:\/\/www.ff-oberbach.de\/index.php?rest_route=\/wp\/v2\/users\/1"}],"replies":[{"embeddable":true,"href":"https:\/\/www.ff-oberbach.de\/index.php?rest_route=%2Fwp%2Fv2%2Fcomments&post=2"}],"version-history":[{"count":6,"href":"https:\/\/www.ff-oberbach.de\/index.php?rest_route=\/wp\/v2\/pages\/2\/revisions"}],"predecessor-version":[{"id":359,"href":"https:\/\/www.ff-oberbach.de\/index.php?rest_route=\/wp\/v2\/pages\/2\/revisions\/359"}],"wp:attachment":[{"href":"https:\/\/www.ff-oberbach.de\/index.php?rest_route=%2Fwp%2Fv2%2Fmedia&parent=2"}],"curies":[{"name":"wp","href":"https:\/\/api.w.org\/{rel}","templated":true}]}}